k - 6. Let a(u) = -10*u**3 - 15*u**2 + 28*u - 24. Let m(n) = -3*n**3 - 5*n**2 + 9*n - 8. Let h(q) = 2*a(q) - 7*m(q). What is h(o)?
14
Let h(t) = 8*t + 0*t**2 - t**2 + 828 - 819. Give h(9).
0
Let a(q) = -2*q**2 - 9*q + 11. Let t be -5 - (0/4)/(-1). Let f(u) = 3*u**2 + 13*u - 17. Let x(p) = t*f(p) - 8*a(p). Give x(-5).
-13
Let t = -1 - -1. Let q(r) = -13*r**2 + 3*r - 13. Let k(i) = -4*i**2 + i. Let o(g) = -3*k(g) + q(g). What is o(t)?
-13
Let f be (-1)/1*(-13 + 5). Let z(g) = -8*g**3 + 1 + 0*g**2 + f*g**3 - 6*g**3 + 2*g + 2*g**2. Determine z(-1).
7
Suppose 14*r + 227 = 129. Let n(g) = -g**3 - 6*g**2 - 9. Determine n(r).
40
Let w(s) = 2*s**2 + 2*s + 2. Let u(r) = 3*r**2 + 3*r + 2. Suppose -12 = 3*p - 4*n + 5, -5*p - 3*n = 9. Let y(z) = p*u(z) + 4*w(z). Give y(0).
2
Let f(k) be the third derivative of -k**6/60 - k**5/10 + 5*k**4/24 + k**3 + 4*k**2. Let c(m) = -m**3 - m**2 + m + 1. Let n(x) = c(x) - f(x). Calculate n(-5).
15
Suppose 2*m = 3*m + 1, -3*s = -5*m + 1. Let g be (-4 - 1) + 3 + s. Let d(f) = -f**3 - 3*f**2 + 4*f + 4. Give d(g).
4
Let u(n) = 10 + 12 - 18*n - 21 + 22*n. Calculate u(4).
17
Let a(j) = j**3 + 8*j**2 - 3*j + 7. Let v(t) = -3*t**3 - 59*t**2 + 34*t**2 + 3*t + 4 + 6*t - 24. Let d(y) = 7*a(y) + 2*v(y). Give d(-7).
-19
Suppose 5*i = 7*i - 28. Let h(b) = b - 36. Let p be h(i). Let n = -22 - p. Let j(m) = m - 6. What is j(n)?
-6
Let p(y) = 2*y**2 + y + 1. Let i be -3 + (-40)/(-12) + 28/(-12). Calculate p(i).
7
Let s be 12/(-54)*(0 + -9). Let w(x) = -s + 2*x + 15 - 7 - 2. Let t be 6/(-9)*6*-1. Determine w(t).
12
Let o(k) = 8*k**3 + 26*k**2 + 21*k + 7. Let s(j) = -3*j**3 - 9*j**2 - 7*j - 3. Let v(m) = -4*o(m) - 11*s(m). Calculate v(6).
-1
Let k(h) = 4*h + 3. Let v = 73 - 68. Determine k(v).
23
Let j(s) = s**3 + 7*s**2 - s + 4. Suppose 0 = -5*y - 2*x - 209, y + 4 = -3*x - 30. Let h = y + 36. What is j(h)?
11
Let n be ((-444)/185)/(0 + (-2)/5). Let m be (-35)/(-11) + n/(-33). Let l(r) = 2*r**2 - 5*r + 3. Give l(m).
6
Let g be -5*1 + 10 + -13. Let c = -7 - g. Let d(z) be the third derivative of -z**5/20 + z**4/12 - z**3/6 - 2*z**2 + 13. Calculate d(c).
-2
Let v(u) be the first derivative of u**3/3 + u**2/2 + 3*u + 112. What is v(-3)?
9
Let r(k) = k**3 + 5*k**2 - 2*k - 12. Let q = -278 - -273. Determine r(q).
-2
Let a(h) = h**2 - 4*h - 7. Let g(n) = n + 5. Let b be g(-3). Suppose -b*c + 2 = -c. Suppose 0 = -3*j + c*m + 12 + 9, 0 = -5*m - 15. Determine a(j).
-2
Let n(x) = -3*x**2 + x + 3. Let c = 59 + -62. What is n(c)?
-27
Let f be 4 - (4/(-16) - (-52)/16). Let d(a) = -a**3 - 3*a**2 - 4. Let b(l) = l**2 + l. Let t(i) = f*b(i) + d(i). Let n be (-2)/4 + (-10)/4. What is t(n)?
2
Let a(w) = 4*w**2 - w - 4. Suppose 6 = -165*x + 162*x. Determine a(x).
14
Let r(n) = n**3 - n**2 - 9*n - 3. Suppose 57*p = -28 - 143. Calculate r(p).
-12
Let y(d) = d**2 - 8*d + 1. Let s = -818 + 825. What is y(s)?
-6
Let v(n) = -3*n**2 + n**2 + 3*n**3 + 4*n**3 - 2*n - 1 - n**2 - 8*n**3. What is v(-3)?
5
Let d(v) be the second derivative of v**6/180 - v**5/24 + v**4/8 - 19*v**3/3 + 20*v. Let y(t) be the second derivative of d(t). Determine y(4).
15
Let z(j) = j**3 - 13*j**2 - 30*j + 1. Let u = 1005 - 990. Calculate z(u).
1
Suppose -5*t - 20 = 35. Let f = -8 - t. Suppose -f*s = -4*s - 6. Let k(n) = n**3 + 7*n**2 + 5*n - 4. What is k(s)?
2
Let l = -5 - -8. Let i(q) = -7*q**2 + 8*q + 7. Let k(z) = 6*z**2 - 7*z - 7. Let n(p) = 5*i(p) + 6*k(p). Let a(r) be the first derivative of n(r). Give a(l).
4
Let h(n) = n**2 - 5*n + 1. Suppose 0 = -2*q + 1 - 9. Let u(b) = b**2 + 4*b + 2. Let i be u(q). Let a be ((-2)/(-4))/(i/16). Calculate h(a).
-3
Let j = -340 + 335. Let q(d) = 8*d - 2. Determine q(j).
-42
Let c(q) = -2*q + 6. Let n(i) = -4*i**2 + 43*i + 11. Let r be n(11). What is c(r)?
6
Let o(f) = -877*f - 891*f + 1790*f. Give o(-1).
-22
Let i be 5/((-8)/(14 + -6)). Let p(r) = r + 8. Determine p(i).
3
Suppose -o - o - 8 = 0, 3*s - 3*o - 9 = 0. Let m(d) = -4*d**2 + 2*d + 3. Let y(h) = 4*h**2 - 3*h - 4. Let u(f) = -4*m(f) - 3*y(f). Calculate u(s).
3
Let s(q) be the third derivative of -q**4/24 + 7*q**3/6 - 2*q**2. Let f be -3 - -3 - (-75)/15. Give s(f).
2
Let l(o) = 4*o**2 + 60*o - 61. Let h be l(-16). Let z(w) = w**3 - 3*w**2 + 2*w - 3. What is z(h)?
3
Let s(y) = -2*y - 4. Let o(p) = -29*p + 16. Let d be o(4). Let c = d - -104. Determine s(c).
-12
Let r(d) = 0*d**2 + 0*d**2 + d**2 + 1 - 1593*d + 1583*d. What is r(9)?
-8
Let u(k) = -121*k + 114. Let w be u(1). Let h(x) = -x**3 - 8*x**2 - x + 10. What is h(w)?
-32
Let m(w) = 8*w**2 + w. Let f be m(-1). Let t(q) be the second derivative of 0 + 3/2*q**2 - 4*q - 1/6*q**3. Calculate t(f).
-4
Let w be (-108)/(-126)*(13 + 1). Let x be 6 + 1 - (1 - 1). Suppose -x*z = -5*z + w. Let s(m) = -m**2 - 7*m - 6. What is s(z)?
0
Let b(x) = x**3 + 4*x**2 - 7*x - 4. Let j be 2 + (-54)/(-4 + 2). Suppose 4*p = 4*i - 8, 4*p + 0*p = -3*i - j. Give b(p).
6
Let f(o) = -o. Let p(l) = 20*l. Let m(c) = -12*f(c) - p(c). Suppose 3*r - i = 8, 4*r + 0*i + 11 = -3*i. Give m(r).
-8
Let v(t) = -t + 7. Suppose -6 = 3*x - 3. Let m be 2/(-4)*(x + -9). Calculate v(m).
2
Let p(m) = 3*m**3 + m**2 + m + 2. Let y(z) = -1. Let b(k) = p(k) + 3*y(k). Let f be 520/(-12) + 1/3. Let a = f + 44. Determine b(a).
4
Let j(y) = 2*y**3 - 8*y**2 + 7*y - 13. Let v(w) = 5*w**3 - 23*w**2 + 21*w - 37. Let c(k) = 8*j(k) - 3*v(k). Give c(-6).
13
Let a(u) = -u**3 - 20*u**2 - u + 48. Let x(z) = -2*z**3 - 40*z**2 - 3*z + 96. Let b(j) = -9*a(j) + 4*x(j). Determine b(-20).
12
Let g(k) = k**2 - 15*k - 14. Let v be (12/9)/(5/60). Determine g(v).
2
Let s(t) = t**2 - 7*t + 2. Let p be s(7). Suppose -4*c + 8 = -v + p*v, 0 = -v - c + 5. Let g(o) = 0*o + 4*o + 3 - 3*o + o**3 - 6 - 4*o**2. Give g(v).
1
Let g(m) = -m**2 + 12*m + 18. Let d be g(15). Let u = 21 + d. Let z(t) = -t**3 - 6*t**2 - t - 3. What is z(u)?
3
Let v(n) = -3 + 7 - 327*n + 330*n + 2*n**2. Let l(w) = w**3 - 6*w**2 - 6*w - 10. Let p be l(7). What is v(p)?
13
Let z(i) = -5*i**2 - 5*i + 6. Let y(n) = 2*n**2 + n - 2. Let q(j) = 3*y(j) + z(j). Determine q(6).
24
Let n(x) be the second derivative of x**6/720 - x**5/60 + 7*x**4/4 - 22*x. Let l(p) be the third derivative of n(p). Suppose 0 = 2*s + 4 + 4. What is l(s)?
-6
Let g(d) be the second derivative of -5*d**3/3 - 9*d**2/2 + 2*d - 13. Give g(-3).
21
Let y(o) = -14*o**2 + 8*o + 13. Let r(w) = -5*w**2 + 2*w + 4. Let c(p) = -11*r(p) + 4*y(p). Calculate c(7).
29
Let m = -88 - -96. Let w(s) be the second derivative of -s**4/12 + 11*s**3/6 - 9*s**2/2 - 3*s. What is w(m)?
15
Let d = -95 - -104. Let u(j) = -j**2 + 9*j - 12. Calculate u(d).
-12
Let g be (136/(-1122))/((-4)/22). Let z(h) be the first derivative of 0*h + 1/4*h**4 - h**2 - 6 + g*h**3. Calculate z(2).
12
Suppose 11 = -3*m + 2*i, -11 - 9 = -5*i. Let t(q) = q**3 - q - 1. Let d(z) = 9*z**2 - 8. Let x = 202 + -203. Let n(k) = m*d(k) + x*t(k). Determine n(-9).
0
Let h(g) = -2*g - 1. Let f(a) = -14*a + 2. Let l(m) = f(m) - 4*h(m). What is l(-7)?
48
Suppose -5*h = -0*h + 4*o, -10 = -5*h - 2*o. Let s be h + (40*-1)/4. Let c(b) = 2 + 7 + 5*b**3 + 8*b - 8*b**3 + 4*b**3 + 7*b**2. Calculate c(s).
-3
Let d(v) = -v**3 - v**2 - 6*v + 9. Let b be d(4). Let s = b + 91. Let u(a) = a + 6. Calculate u(s).
2
Let v(s) = 2*s**2 + 347*s - 350*s + 32 - 29. Let l be (-2)/(-10) - 36/(-20). Calculate v(l).
5
Let d(l) = 13 + 7*l + 8*l + 0*l - 21*l + 5*l. Determine d(-6).
19
Let o(t) = 4*t + t**3 + 0*t - 4*t**2 - 3*t + 0*t + 4. Let u be o(2). Let v(b) be the third derivative of -b**4/8 - b**3/3 - 4*b**2. Calculate v(u).
4
Let x(o) = -28*o**3 + 7*o**2 - 5*o. Let l(p) = -14*p**3 + 3*p**2 - 2*p. Let u(z) = -5*l(z) + 2*x(z). Calculate u(-1).
-15
Let r(w) = -w**3 - w**2 + 5*w + 4. Suppose 2*t = 4*v - 16, -22 = -t - 4*v - 0*v. Let i = -20 - -23. Suppose i = c - t*c. What is r(c)?
7
Suppose 7*g - 36 - 41 = 0. Let i(x) = -x**3 + 12*x**2 - 12*x + 14. What is i(g)?
3
Suppose 2*i = -3*b + 6*b + 42, 76 = 4*i - 2*b. Let f be (-108)/8*(-12)/i. Let u(t) = t**2 - 11*t + 6. Calculate u(f).
-12
Let p(r) = r - 1. Let n(v) = -3*v**2 - 131*v - 1 - 3*v**2 + 131*v. Let t be n(-1). Determine p(t).
-8
Let o(b) = -b + 1. Let x(u) = -u**3 + 2*u + 1. Let c be x(-1). Let w = -1 + c. Let t be (-4*(-3)/(-6))/w. Determine o(t).
-1
Suppose c + 3*y + 2*y + 15 = 0, 4*y = 5*c - 41. Let r(v) be the